2*n**3 - n**2 - n - 1. Calculate j(g).
-3
Let s = -33 + 30. Let v(m) = -m + 2*m + 3 - 2*m. Determine v(s).
6
Let h(c) = -12*c**3 + 2*c**2 + 4. Let d(a) = a**3 - a**2 - 1. Suppose -z = -0*z - 3. Let k(r) = z*d(r) + h(r). Determine k(1).
-9
Let t(h) = h**3 + 2*h**2 - 4*h + 4. Let c(f) = f**3 - f**2 + f + 3. Let w be c(0). Let y be -1 - 12/(7 - w). Give t(y).
-12
Let p(d) = 10*d**3 + d**2 - d - 1. Suppose 0 + 15 = 3*b. Suppose -6*x = -b*x + 1. Give p(x).
-9
Let s(y) be the second derivative of 1/120*y**6 - 7/24*y**4 + y**2 + 5/6*y**3 + 3*y + 0 - 1/12*y**5. Let c(j) be the first derivative of s(j). Give c(6).
-1
Let p(y) = 12*y**2 - 27*y. Let s(z) = 9*z**2 - 7*z - 6. Let x(q) = -q**2 + 1. Let t(k) = s(k) + 6*x(k). Let f(j) = -4*p(j) + 15*t(j). Give f(2).
-6
Let c(b) = 2*b. Let s be c(2). Suppose s*l = 39 - 7. Let n(g) = 1 - 1 + 6 + l*g + g**2. Determine n(-5).
-9
Let o(v) = -v**2 - 10*v + 18. Let l be o(-12). Let y(a) = a**3 + 5*a**2 - 6*a - 1. Give y(l).
-1
Let b be (-2)/(-13) - (-144)/78. Let j(l) = 4*l - l - 3*l + b*l**2. Let f be 5/(-7) + (-4)/14. Determine j(f).
2
Let x(q) = -4*q - 1. Suppose -49 - 41 = -5*y. Suppose -d + 1 = -3. Suppose -d*a = -z + 4, -5*a - 4*z = -2*z + y. Give x(a).
7
Let o(z) = -7*z + 4 + 0*z + z**2 + 4*z - 3*z. Calculate o(4).
-4
Let i(x) = x - 1 + 2 + 6 - 6. Determine i(-4).
-3
Let s(p) = 3*p - 3. Suppose d + 0*c + 10 = -3*c, -d + 11 = -4*c. Let v be 3/(d - 2) + 7. What is s(v)?
15
Let p(c) = 3*c - c - 2*c - 4*c. Determine p(-1).
4
Let h(z) = z + 6. Let b(j) = -1 + 2*j - 2*j**2 + 0*j**2 - j + 3*j**2. Let c(s) = b(s) - h(s). Give c(0).
-7
Let u(v) = v**2 + 8*v + 4. Let y = -10 + 10. Suppose 15 - 1 = 2*t + n, 4*t - 5*n = y. Suppose -4*r + 3*j - 22 = 0, 0 = -2*r + 4*r - t*j + 18. Calculate u(r).
-12
Let x(d) = 6*d + 15. Let y(j) = -3*j - 8. Let c(l) = 4*x(l) + 7*y(l). Determine c(-3).
-5
Let t(n) be the second derivative of n**4/12 + 5*n**3/3 + 3*n**2/2 + 22*n. Give t(-9).
-6
Let c be (7 + 0)*(-18)/(-21). Let b(p) = 5*p**3 + 5*p**2 + 13*p. Let u(d) = -14*d**3 - 15*d**2 - 38*d. Let h(t) = 17*b(t) + 6*u(t). Calculate h(c).
-6
Let w(b) be the third derivative of 2*b**2 + 0 - 1/12*b**4 + 0*b**5 + 0*b**3 - 1/720*b**6 + 0*b. Let r(d) be the second derivative of w(d). What is r(0)?
0
Let s(o) = -2*o**2 - 13*o + 4. Let q be s(-7). Let r(z) = z**2 + 3*z. Calculate r(q).
0
Let v(l) be the second derivative of -l**3/6 - 3*l**2/2 + 31*l. Determine v(0).
-3
Suppose 0 = 7*g - 7 + 14. Let m(p) = 9*p**2 + 2*p + 1. Calculate m(g).
8
Let c(o) = 15*o + 4. Suppose -4*m - 19 = 5*w, 5*w = 2*m + 4 + 13. Let g(l) = -16*l - 5. Let z(s) = m*c(s) - 5*g(s). Calculate z(1).
-9
Let o = -6 + 10. Suppose o*c - 5 = -1. Let g(f) be the first derivative of -4*f**3 + f**2/2 - 8. Determine g(c).
-11
Let p = -3 + -3. Let m be 10/(1/((-3)/p)). Let b(z) = -z**3 + 6*z**2 - 4*z + 4. Give b(m).
9
Let m(b) = -7 + 9 - 2 + 5*b. What is m(-1)?
-5
Let z(b) = -b**3 - b**2 + b + 1. Let r(j) = j**3 + j**2 - j - 1. Let q(x) = -3*r(x) - 4*z(x). Calculate q(-2).
-3
Let o(l) = -l**3 - 2*l**2 + 2*l. Let b be o(-3). Let y(n) = -5*n - b + 5*n**2 + 3 + 4 + 3 + n**3. Determine y(-6).
1
Let l(t) = 2*t**2 + 4*t + 2. Let n(z) be the first derivative of -2*z**3/3 + z**2 + z + 2. Let s be n(2). Calculate l(s).
8
Suppose 0 = 2*v - 9 + 23. Let g(c) = -c**2 - 7*c + 1. Calculate g(v).
1
Suppose -5*h + 6 = 1. Let k be (3/(-6))/(h/(-10)). Let n(v) = -k*v**2 + 13 - 10 + 3*v + 4*v**2. Determine n(3).
3
Let b(o) = -7*o - 2. Let f(z) = -3*z - 1. Let u(j) = 2*b(j) - 5*f(j). Determine u(2).
3
Let z(x) = x - 2. Let g(h) = h. Let y(m) = -2*g(m) + z(m). What is y(-5)?
3
Let i(f) be the third derivative of f**4/24 - f**2. Determine i(-2).
-2
Let s(p) = 1 + 0 + 4*p**2 + 2*p**2 - 2. What is s(-1)?
5
Let u(v) = v - 2. Let f(d) = 3*d - 9. Let n(a) = f(a) - 2*u(a). Suppose -2*k + 2 = -4*y + 16, -4*k = -3*y + 8. What is n(y)?
-1
Suppose -4*j = -a - 12, 5*a - 4*j + 2*j = -60. Let m be (a/(-14))/(6/(-42)). Let h(o) = -o**3 - 7*o**2 - 6*o - 4. What is h(m)?
-4
Let c(g) = g**2. Let x be c(0). Suppose -9 = -x*a + 3*a. Let j(u) = u**3 + 4*u**2 + 3*u + 4. Calculate j(a).
4
Let j(y) = y**3 - 7*y**2 - 8*y - 4. Let s be j(8). Let w(q) = 5 - q + 2*q + 4. Give w(s).
5
Let m(d) = -2*d**2 + 3*d**2 + 3*d + 0*d. Suppose 0 = -2*h - 5*c - 15, 3*c + 40 = 3*h - 2*c. Suppose -28 = 4*t - 4*r, -h*t - 3*r = -4*t - 1. Give m(t).
10
Let c(k) = k**3 - 2*k**2 - 3*k + 2. Let y be (-8)/12*(-1 + 7). Let z be (y/(12/(-9)))/1. Calculate c(z).
2
Let t(q) be the first derivative of q**3/3 + 3*q**2 + 3*q - 40. Give t(-6).
3
Let r(o) = -3*o - 5. Let y(h) = 2*h + 3. Let l(x) = 3*r(x) + 5*y(x). Suppose 0 = 8*c - 11*c + 6. Determine l(c).
2
Let f(v) = -5*v**3 + 5*v**2 + 4*v - 4. Let j(n) = 0*n**2 + 0*n**2 + n + n**2 - 1. Let o(h) = -f(h) + 5*j(h). What is o(1)?
5
Let m(i) = -i**2 + 6*i - 5. Let v be m(6). Let s(j) be the second derivative of 0 + j + 4/3*j**3 - 1/20*j**5 + 7/2*j**2 - 1/3*j**4. Calculate s(v).
-8
Let j(v) = -v + 3. Suppose 32 = -k + 35. What is j(k)?
0
Let w be (-8)/6*(105/(-40))/7. Let a(x) be the third derivative of -1/60*x**5 - 1/4*x**4 + 0 + 0*x + w*x**3 - x**2. What is a(-5)?
8
Let m(g) be the third derivative of g**5/60 - g**4/12 - g**3/2 + 2*g**2. Let l = 0 + 3. Determine m(l).
0
Suppose -4*t - 2*s + 16 = 0, -s + 1 = t - 2*s. Let k(h) = 4 - 3*h - 3*h + 0. Determine k(t).
-14
Let j(h) = -2*h**2 - 3*h. Suppose -5*z + 8*z - 15 = 0. Let a be 2/6*(18 + -9). Suppose -r = -4*q + r, z*q + a*r + 22 = 0. Calculate j(q).
-2
Suppose 0*y = -11*y + 11. Let l(v) = -4*v + 1. Calculate l(y).
-3
Let h(z) = z**3 - 3*z**2 + 2*z - 2. Let y = -13 + 15. Let i be h(y). Let t(n) = -2*n + 2. What is t(i)?
6
Suppose -6 = 4*y - 3*y. Let c(h) = h - 5. Calculate c(y).
-11
Let q(k) = 5*k + 10. Let p(s) = -6*s - 10. Let v(f) = 4*p(f) + 5*q(f). Determine v(0).
10
Suppose 0 = -0*v + 5*v - 20. Suppose 2*l + 4 = f + 2, -5*l - v = -3*f. Let s(w) = -2*w**2 - 2*w - 2. Give s(f).
-6
Let w be -1 + (5 - 2) - 0. Let q(u) = u**2 - 2*u - 1. What is q(w)?
-1
Let h(t) = -4*t. Suppose 0 = -0*w - w + 3. Suppose -w*z + 1 = 4. What is h(z)?
4
Suppose -3*a + 28 = a. Let f(y) = y**3 + 1. Let r(s) = -4*s**3 - 8*s**2 + 6*s + 2. Let o(p) = 5*f(p) + r(p). What is o(a)?
0
Let w(q) = 27 + q - 3 - 34. Calculate w(10).
0
Let z(h) = -h**3 - 27 - 6*h**2 + 7*h - 23 + 55. Calculate z(-7).
5
Let r(o) = o**2 - o. Let c = 0 + 1. Let x be r(c). Suppose -3*l - 3 - 3 = x. Let b(d) = -3*d - 2. What is b(l)?
4
Let r(h) = -h**3 - h**2 - 8. Let a(g) = 3*g**3 + 4*g**2 + 23. Let k(l) = 2*a(l) + 7*r(l). Suppose -b + 4*b = 0. What is k(b)?
-10
Let b(x) be the third derivative of -x**6/120 - x**5/30 - x**4/24 - x**3/6 + 8*x**2. Let v(w) = w**3 - 2*w**2 - 3*w - 2. Let n be v(3). What is b(n)?
1
Let d(g) = -g**3 - g**2 - 2. Let t be d(-2). Let q(o) = t + 2*o + 0 + 3*o. Determine q(-3).
-13
Let r(o) be the second derivative of -5*o**4/12 + o**3/6 + 6*o. Determine r(2).
-18
Let g be 2 + (-4)/(-24)*-10. Let s(l) be the first derivative of g*l**3 - l**2 + 2 - 3*l. Determine s(3).
0
Let i(u) = -2*u + 3*u + 147 - 146. What is i(-5)?
-4
Suppose 0 = -3*v, -5*f - 4*v = -3*f. Let z(p) = p - 2. What is z(f)?
-2
Let k(g) = -g + 2 - 3 + 2*g. Suppose -3*x - 3 = -4*p, p + 3*x + 2*x + 5 = 0. What is k(p)?
-1
Let i be 30/20*5*(-4)/6. Let h(q) = -q**2 - 5*q - 1. Give h(i).
-1
Let z(p) = p**3 - p. Let j(q) = -6*q**2 + 3*q + 3. Let b(r) = j(r) + z(r). Give b(6).
15
Let u(h) be the second derivative of h**3/2 + 3*h**2/2 + h. Let c(j) = 3*j**3 - 2*j**2 - j. Let o be c(-1). Determine u(o).
-9
Suppose 6 + 3 = 3*q. Suppose 3*u + c - 5*c = q, -2*u = c - 2. Let j(g) = -g**3 - g**2 - g + 1. What is j(u)?
-2
Let a(m) = -m + 6. Let r(g) = g. Let q be r(6). Determine a(q).
0
Let c(i) = -i + 1. Let v(u) = 3*u**2 + 4*u + 3. Let l be v(-2). Let q be c(l). Let b be 20/q*(-15)/10. Let n(r) = r**3 - 6*r**2 + 3*r + 5. Calculate n(b).
-5
Let w(s) = s**3 - 5*s**2 + 2*s + 5. Suppose 3*q = 4*m - 33, 2*q - 5*m + 29 = -0*q. Let v(r) = -r**3 - 8*r**2 - 9*r - 10. Let y be v(q). Calculate w(y).
-3
Let t(x) = -2*x - 16. Let b be t(-11). Let p(c) = 12*c - 4*c - b*c + 1. Give p(1).
3
Let n(t) be the first derivative of -t**4/4 + 5*t**3/3 - 2*t**2 - 2*t + 14. Let s be (8/(-6))/(1/(-3)). Give n(s).
-2
Let x(n) = 5*n - 7. Let y(h) = 2*h - 3. Let k(j) = 